etermine c(p).
-17
Let z(f) be the third derivative of f**5/60 + f**4/6 - f**3/2 + 2*f**2 + 2. Let y = -6 + 2. Give z(y).
-3
Let r(b) = -b**2 + 4*b + 5. Suppose -16 = 4*g, k - 2*k + 3*g = -8. Determine r(k).
-27
Let q(j) be the second derivative of 0 - 2/3*j**3 - 1/12*j**4 + 25*j + 3*j**2. Calculate q(-7).
-15
Suppose -8*h + 23 = -6*h - 5*c, -5*c - 51 = -4*h. Let b(a) = a**3 - 14*a**2 - 2*a + 18. Give b(h).
-10
Let o(a) = a**2 + 4*a. Let q = 759 - 764. Determine o(q).
5
Let n(h) be the first derivative of -h**3/3 - 13*h**2/2 - 13*h - 76. What is n(-12)?
-1
Let v(p) = 9*p**2 - 2*p**2 + 0 + 5397*p - 1 - 5395*p. Determine v(-1).
4
Suppose 3*v + 25 = -2*v, 2*z - 10 = -2*v. Let c(h) = h**2 - 12*h + 6. Give c(z).
-14
Let d(l) = 3*l**3 - l - 2. Let x(n) = -n**3 + n**2 + n. Let w(r) = d(r) + x(r). Determine w(-2).
-14
Let v(t) be the third derivative of -t**5/60 + t**4/24 + 11*t**3/3 - 3*t**2 - 61*t. Determine v(0).
22
Let j(m) be the second derivative of m**4/6 + m**3/3 - m**2/2 - 12*m + 2. What is j(-3)?
11
Let d(y) = -34 + 3 + 11 + 18 + 8*y. What is d(-3)?
-26
Suppose 0 = 3*k - 2 - 4. Let m(g) = g**k + g - g**2 - 1 - 5*g**2. Let h = -30 - -31. What is m(h)?
-5
Let c(x) = -x**2 + 3*x - 7. Let l be c(5). Let k = 19 + l. Let a(u) = -3 - 7*u - k*u**2 + u**2 + 2*u - 2*u. What is a(-3)?
9
Let k(a) be the second derivative of -a**3/3 - 5*a**2/2 - 234*a. What is k(-2)?
-1
Suppose 10 = -3*x + 5*b, -5*x + 47 = 5*b - 3. Let i(k) = -13*k + 56. Let q(o) = -6*o + 26. Let w(p) = 5*i(p) - 11*q(p). Give w(x).
-1
Let r(t) = 5*t**2 - 5 + 0*t**2 + 9 + t + t**3 - 2*t**3. What is r(5)?
9
Suppose u = -u + 12. Let x be 2/(-3) + (-14)/u. Let w(g) = 2*g + 8 + 4*g - 5 - 2*g**2 + 3*g**2. What is w(x)?
-6
Let i = 24 + -24. Suppose -s = -2*t - 3*s + 18, -5*s = -25. Let q(o) = -11*o**2 - 2*o + 25. Let z(y) = -5*y**2 - y + 12. Let m(k) = t*q(k) - 9*z(k). Give m(i).
-8
Let o(g) = -g**3 + g**2 + 9*g + 3. Let y = -822 + 826. Give o(y).
-9
Let r be 1/(-1 + 16/14). Let q(j) = 3*j - 5. Let n(y) = 4*y - 13 + 6 + 1. Let k(b) = -4*n(b) + 5*q(b). Give k(r).
-8
Let o(a) = -7*a - 5. Suppose -16*f + 9*f + 42 = 0. What is o(f)?
-47
Let c(x) be the first derivative of 7*x**2 + 10*x + 467. Determine c(-1).
-4
Suppose j - 3*z + 4*z + 80 = 0, 4*z = -j - 95. Let g be 2/3*j/10. Let c(f) = 4*f**3 + 4*f + 6*f**2 - 3*f**3 + 0*f**2 + 2*f. Give c(g).
-5
Let r(x) = 5*x**3 + 5*x**2 - 10*x - 8. Let j(h) be the third derivative of h**6/120 - h**4/24 - h**3/6 - 4*h**2. Let f(g) = -4*j(g) + r(g). Give f(-6).
-4
Let r(j) = -3*j - 8. Let b(g) = -g**3 + 12*g**2 + 13*g + 4. Let p be b(13). Let s(c) = -2*c - 7. Let f(q) = p*s(q) - 3*r(q). What is f(-6)?
-10
Let r(s) be the third derivative of s**5/60 - 7*s**4/12 + 7*s**3/6 - 3*s**2 + 13*s. Determine r(13).
-6
Let s(x) = 4*x + 2. Let m be 3/(-6) + (-1)/2. Let y be 0 - -5 - (-1)/m. Suppose 3*v - y*l + l + 9 = 0, 30 = 5*v + 4*l. Calculate s(v).
10
Let n be 1/(60/36 - (1 + 1)). Let f(d) = 4*d**2 + 4*d + 2. Calculate f(n).
26
Let f(j) = 4*j - 20. Let r = 355 - 347. Give f(r).
12
Let u(j) = j**3 + 10*j**2 + 8*j - 20. Let h = -519 + 510. What is u(h)?
-11
Let i(k) = k + 2. Let m(b) = -2*b - 7. Let d(j) = 5*i(j) + 2*m(j). Determine d(5).
1
Let k(y) = y**3 - y**2 + y - 2. Suppose -5*j + 3*j - 5*r + 167 = 0, 3*r + 111 = j. Let c = -94 + j. Determine k(c).
4
Let p(b) = 5*b + 17. Let a(u) = 5*u + 15. Let j(o) = -5*a(o) + 4*p(o). Determine j(5).
-32
Let c(x) = x - 4. Let v be c(5). Let z(b) be the first derivative of 11*b**4/2 + b**3/3 + b**2/2 - b + 827. Calculate z(v).
23
Let y(p) = 3787*p + 4 + 7 - 3 - 3790*p. Determine y(4).
-4
Suppose -4*k - 2*d = -20, 5*k + 2*d = -3*d + 40. Suppose 5*t + 2*f - 7 = 0, 0 = 3*t + t + 5*f + 8. Let b(u) = -t*u**2 - 2 - u + 3*u + u**2. Give b(k).
-6
Let x(d) = d**3 + 11*d**2 - 11*d - 11. Let n(f) = -164*f + 808. Let y be n(5). Give x(y).
-23
Let k(w) = 2*w**3 + w - 1 - w**3 + w**2 + 5. Let d be k(0). Let z be d/(-14) - 333/(-63). Let u(n) = -2*n + 3. What is u(z)?
-7
Let c(m) = 2*m**2 + 26*m - 4. Suppose 99*f - 65 = 104*f. Let b be c(f). Let d(x) = -x**3 - 3*x**2 + 4*x + 1. What is d(b)?
1
Let n be (3 - 3)/(-2) + 2. Let l(p) = 3*p + 5*p**2 + p**3 - 3*p**2 + p - 5 + 3*p**n. Let v = 41 - 45. Determine l(v).
-5
Suppose -2*p = 4*l, 2*p + 3*l - 5 = -2*p. Let u(v) = -2*v + v**3 + 1 - 6 - p*v + 4*v**2 - v. Suppose -30 = 59*i - 53*i. What is u(i)?
-5
Suppose 2*l - 3 = -1. Let y(u) = u**3 + l - 38*u + 15*u + 22*u - 3*u**2. What is y(3)?
-2
Suppose 15*b - 10*b = 20. Let w(o) be the third derivative of -2/3*o**3 + 0 - 1/8*o**b + 0*o - 6*o**2. Calculate w(-4).
8
Let a(d) = d**2 + 3. Let f be a(0). Let c(y) = 7*y + 41. Let r be c(-6). Let u be 3 - (r + 2) - f. Let h(w) = -4*w**3 - w - 1. Calculate h(u).
4
Let q(z) be the third derivative of 0*z + 1/24*z**4 - 3*z**2 - 5/6*z**3 + 0. Determine q(3).
-2
Let h(y) = 2*y**3 + y**2 - 3*y - 1. Let v be 2 + 2 + -5 + -1. Give h(v).
-7
Let k(j) = -j**2 - 6*j - 3. Let n be (-2*18)/(-2 - 0). Suppose n*g = 14*g - 24. Give k(g).
-3
Let i be 3/2*14/21. Let o(l) = -l**2 + 3*l + 2. Let z(p) = -p. Let r(j) = i*o(j) + 4*z(j). Calculate r(-2).
0
Suppose -10 + 4 = 3*a. Let q(y) be the third derivative of -y**4/8 + y**3/2 + 26*y**2. Let j(s) = -3*s + 4. Let u(w) = 3*j(w) - 4*q(w). What is u(a)?
-6
Suppose 0*r - 45 = -5*r. Let w(i) = -i**2 + 10*i. Determine w(r).
9
Let j(l) = l**2 + 9*l + 11. Let i be j(-8). Let m = -1 + i. Let t(h) = 3*h - 2 - 2*h**2 + h**m + 2*h. Give t(6).
-8
Suppose 5*i = 4*h - 3 - 8, 15 = -5*i. Let c be (-4 + -1 + 1)*h. Let q(y) = -3*y - 9*y**2 + y**3 + 5*y**2 - 6 + 7. Calculate q(c).
-11
Let u be -2*((-21)/(-7))/((-9)/6). Let k(w) = w**2 + 5*w - 12. Determine k(u).
24
Let k(u) = u**3 - 12*u**2 + 22*u - 23. Let w be k(10). Let s(x) = -x**2 + 2*x - 4. Determine s(w).
-19
Let y(i) = -3*i - 9. Let l = -20 - -26. Let t be (-2 + l/9)*-3. Let r be ((-2)/t)/(6/72). Determine y(r).
9
Let j(s) = 4*s**3 + 4*s**2 + s. Let a(m) = 11*m**3 + 12*m**2 + 4*m. Let o = 73 - 65. Let v(y) = o*j(y) - 3*a(y). Determine v(-3).
3
Let q(l) = -l - 17. Let k(p) = -p**2 - 24*p + 11. Let t be k(-25). What is q(t)?
-3
Suppose -l = -4*m - 21, -3*l + 37 = -3*m + 10. Let x(n) = 13*n**2 - l*n**2 - 9*n**2. Let r be ((-2)/5)/((-1)/5). Determine x(r).
-4
Suppose 4*a + 13 = 21. Let s(j) = -a*j**2 + 9 - 1772*j + 1773*j + 3*j**2. Suppose -7*r + 2*r = 0. Give s(r).
9
Let m(t) = 13*t**3 + 2*t - 1. Let d be m(1). Suppose 0 = -2*f - 4*y + d, 0*y = -3*y + 3. Let h(b) = 10*b**3 - 4*b - 4*b**2 + 1 - 9*b**3 - b. Calculate h(f).
1
Let m(r) = -1 + 4*r + 0 + 5. Let l(z) = -z. Let n(i) = -i**2 - 14*i - 14. Let x(s) = 5*l(s) - n(s). Let d be x(-6). What is m(d)?
-12
Let w(o) = o. Let x(r) = 3*r. Let j(l) = -10*w(l) + 4*x(l). Let d(c) = -c + 1. Let k(s) = 3*d(s) + 2*j(s). What is k(5)?
8
Let w be 7/((-28)/(-348)) - -1. Let x = w + -95. Let m(p) = -p**3 - 7*p**2 - p - 8. Calculate m(x).
-1
Let h(c) = 4*c**2 + 4*c + 4. Suppose 60*z - 36*z = -48. Calculate h(z).
12
Let t(y) = y**2 + 38*y + 138. Let f be t(-4). Let i(z) = 3*z**2 - 3*z + 3. Give i(f).
9
Let t(s) = s + 6. Let p be t(-5). Let x(v) = -3*v + 2 + v + v**2 + p. Let u = -205 - -208. Determine x(u).
6
Let r(z) be the first derivative of z**4/4 - z**2/2 - 10*z + 44. Give r(0).
-10
Let r be (-2)/(-4)*(12 + 2) - 4. Let y(o) = -3*o**2 + 4*o + 5. Let k(s) = -s**2 + s + 1. Let n(f) = k(f) - y(f). Give n(r).
5
Let t = 318 - 316. Let d(r) = r - 1. Let s(u) = -u + 5. Let l(n) = 4*d(n) + s(n). Calculate l(t).
7
Let l(b) = -3*b**2 + 17*b - 11. Let o be l(4). Let z(u) = -4*u - 3. Calculate z(o).
-39
Let i(y) = -y - 1. Let d be (-11 + 6)/(5/10). Calculate i(d).
9
Suppose 21*l + 126 = 18*l. Let u = -34 - l. Let x(g) = g**3 - 9*g**2 + 9*g - 4. What is x(u)?
4
Let f(o) = -o**3 - 7*o**2 - 4*o + 5. Suppose 0 = -2*b + 3*s - 22, 3*b + 23 = -0*s + 2*s. Determine f(b).
-25
Let t(i) = -6*i**2 - 13*i - 7. Let l(m) = -3*m**2 - 6*m - 3. Let o(g) = -9*l(g) + 4*t(g). Let f be 15/(-9) - ((-8)/(-6) + -1). Give o(f).
7
Let r(y) be the third derivative of -y**5/60 + 5*y**3/3 - y**2. Let z be 67/3 - (-11)/(-33). Let m = -22 + z. Calculate r(m).
10
Let h(o) = 8*o**2 + 11 - 69*o**3 + 5 - o - 4*o**2 - 15 + 71*o**3. What is h(-3)?
-14
Let o(y) = y**2. Let h(b) = b - 3. Let f(c) = h(c) + o(c). Give f(-5).
17
Suppose 4*t = 4*q - 20, -2*q - 5 =